{"id":24,"date":"2022-08-02T16:50:33","date_gmt":"2022-08-02T19:50:33","guid":{"rendered":"https:\/\/segenergysolar.com.br\/saopaulo-25\/?page_id=24"},"modified":"2025-04-14T15:30:30","modified_gmt":"2025-04-14T18:30:30","slug":"contato-sucesso","status":"publish","type":"page","link":"https:\/\/segenergysolar.com.br\/saopaulo-25\/contato-sucesso\/","title":{"rendered":"Contato sucesso"},"content":{"rendered":"\t\t<div data-elementor-type=\"wp-page\" data-elementor-id=\"24\" class=\"elementor elementor-24\" data-elementor-post-type=\"page\">\n\t\t\t\t\t\t<section class=\"elementor-section elementor-top-section elementor-element elementor-element-1ac9b050 animated-fast elementor-section-boxed elementor-section-height-default elementor-section-height-default elementor-invisible\" data-id=\"1ac9b050\" data-element_type=\"section\" data-settings=\"{&quot;background_background&quot;:&quot;classic&quot;,&quot;animation&quot;:&quot;fadeInDown&quot;}\">\n\t\t\t\t\t\t<div class=\"elementor-container elementor-column-gap-no\">\n\t\t\t\t\t<div class=\"elementor-column elementor-col-33 elementor-top-column elementor-element elementor-element-565323e7\" data-id=\"565323e7\" data-element_type=\"column\">\n\t\t\t<div class=\"elementor-widget-wrap elementor-element-populated\">\n\t\t\t\t\t\t<div class=\"elementor-element elementor-element-33d15ccb elementor-widget elementor-widget-image\" data-id=\"33d15ccb\" data-element_type=\"widget\" data-widget_type=\"image.default\">\n\t\t\t\t<div class=\"elementor-widget-container\">\n\t\t\t\t\t\t\t\t\t\t\t\t\t\t\t<img fetchpriority=\"high\" decoding=\"async\" width=\"1024\" height=\"1024\" src=\"https:\/\/segenergysolar.com.br\/saopaulo-25\/wp-content\/uploads\/sites\/225\/2022\/08\/segenergy.svg\" class=\"attachment-large size-large wp-image-7\" alt=\"\" \/>\t\t\t\t\t\t\t\t\t\t\t\t\t\t\t<\/div>\n\t\t\t\t<\/div>\n\t\t\t\t\t<\/div>\n\t\t<\/div>\n\t\t\t\t<div class=\"elementor-column elementor-col-33 elementor-top-column elementor-element elementor-element-c0107fc\" data-id=\"c0107fc\" data-element_type=\"column\">\n\t\t\t<div class=\"elementor-widget-wrap elementor-element-populated\">\n\t\t\t\t\t\t<div class=\"elementor-element elementor-element-84b63a3 elementor-icon-list--layout-inline elementor-align-right elementor-list-item-link-full_width elementor-widget elementor-widget-icon-list\" data-id=\"84b63a3\" data-element_type=\"widget\" data-widget_type=\"icon-list.default\">\n\t\t\t\t<div class=\"elementor-widget-container\">\n\t\t\t\t\t\t\t<ul class=\"elementor-icon-list-items elementor-inline-items\">\n\t\t\t\t\t\t\t<li class=\"elementor-icon-list-item elementor-inline-item\">\n\t\t\t\t\t\t\t\t\t\t\t<a href=\"#quem-somos\">\n\n\t\t\t\t\t\t\t\t\t\t\t<span class=\"elementor-icon-list-text\">QUEM SOMOS<\/span>\n\t\t\t\t\t\t\t\t\t\t\t<\/a>\n\t\t\t\t\t\t\t\t\t<\/li>\n\t\t\t\t\t\t\t\t<li class=\"elementor-icon-list-item elementor-inline-item\">\n\t\t\t\t\t\t\t\t\t\t\t<a href=\"https:\/\/blog.segenergysolar.com.br\/\">\n\n\t\t\t\t\t\t\t\t\t\t\t<span class=\"elementor-icon-list-text\">BLOG<\/span>\n\t\t\t\t\t\t\t\t\t\t\t<\/a>\n\t\t\t\t\t\t\t\t\t<\/li>\n\t\t\t\t\t\t<\/ul>\n\t\t\t\t\t\t<\/div>\n\t\t\t\t<\/div>\n\t\t\t\t\t<\/div>\n\t\t<\/div>\n\t\t\t\t<div class=\"elementor-column elementor-col-33 elementor-top-column elementor-element elementor-element-261221c3\" data-id=\"261221c3\" data-element_type=\"column\">\n\t\t\t<div class=\"elementor-widget-wrap elementor-element-populated\">\n\t\t\t\t\t\t<div class=\"elementor-element elementor-element-2deb33f4 elementor-align-center elementor-widget elementor-widget-button\" data-id=\"2deb33f4\" data-element_type=\"widget\" data-widget_type=\"button.default\">\n\t\t\t\t<div class=\"elementor-widget-container\">\n\t\t\t\t\t\t\t\t\t<div class=\"elementor-button-wrapper\">\n\t\t\t\t\t<a class=\"elementor-button elementor-button-link elementor-size-sm elementor-animation-grow\" href=\"https:\/\/segenergysolar.com.br\/londrina-lyon\/#simulacao\">\n\t\t\t\t\t\t<span class=\"elementor-button-content-wrapper\">\n\t\t\t\t\t\t\t\t\t<span class=\"elementor-button-text\">SIMULE SUA ECONOMIA<\/span>\n\t\t\t\t\t<\/span>\n\t\t\t\t\t<\/a>\n\t\t\t\t<\/div>\n\t\t\t\t\t\t\t\t<\/div>\n\t\t\t\t<\/div>\n\t\t\t\t\t<\/div>\n\t\t<\/div>\n\t\t\t\t\t<\/div>\n\t\t<\/section>\n\t\t\t\t<section class=\"elementor-section elementor-top-section elementor-element elementor-element-5a25fd96 elementor-section-boxed elementor-section-height-default elementor-section-height-default\" data-id=\"5a25fd96\" data-element_type=\"section\" data-settings=\"{&quot;background_background&quot;:&quot;classic&quot;}\">\n\t\t\t\t\t\t<div class=\"elementor-container elementor-column-gap-default\">\n\t\t\t\t\t<div class=\"elementor-column elementor-col-50 elementor-top-column elementor-element elementor-element-693822b5\" data-id=\"693822b5\" data-element_type=\"column\">\n\t\t\t<div class=\"elementor-widget-wrap\">\n\t\t\t\t\t\t\t<\/div>\n\t\t<\/div>\n\t\t\t\t<div class=\"elementor-column elementor-col-50 elementor-top-column elementor-element elementor-element-1147a8eb\" data-id=\"1147a8eb\" data-element_type=\"column\">\n\t\t\t<div class=\"elementor-widget-wrap elementor-element-populated\">\n\t\t\t\t\t\t<div class=\"elementor-element elementor-element-1ac98bb elementor-widget elementor-widget-heading\" data-id=\"1ac98bb\" data-element_type=\"widget\" data-widget_type=\"heading.default\">\n\t\t\t\t<div class=\"elementor-widget-container\">\n\t\t\t\t\t<h2 class=\"elementor-heading-title elementor-size-default\">Obrigado pelo seu Contato<\/h2>\t\t\t\t<\/div>\n\t\t\t\t<\/div>\n\t\t\t\t<div class=\"elementor-element elementor-element-12a35ec8 elementor-widget-divider--view-line elementor-widget elementor-widget-divider\" data-id=\"12a35ec8\" data-element_type=\"widget\" data-widget_type=\"divider.default\">\n\t\t\t\t<div class=\"elementor-widget-container\">\n\t\t\t\t\t\t\t<div class=\"elementor-divider\">\n\t\t\t<span class=\"elementor-divider-separator\">\n\t\t\t\t\t\t<\/span>\n\t\t<\/div>\n\t\t\t\t\t\t<\/div>\n\t\t\t\t<\/div>\n\t\t\t\t<div class=\"elementor-element elementor-element-194660e0 elementor-widget elementor-widget-text-editor\" data-id=\"194660e0\" data-element_type=\"widget\" data-widget_type=\"text-editor.default\">\n\t\t\t\t<div class=\"elementor-widget-container\">\n\t\t\t\t\t\t\t\t\t<p>Voc\u00ea receber\u00e1 em breve a sua simula\u00e7\u00e3o por email.<\/p>\t\t\t\t\t\t\t\t<\/div>\n\t\t\t\t<\/div>\n\t\t\t\t\t<\/div>\n\t\t<\/div>\n\t\t\t\t\t<\/div>\n\t\t<\/section>\n\t\t\t\t<section class=\"elementor-section elementor-top-section elementor-element elementor-element-ad9581d elementor-section-boxed elementor-section-height-default elementor-section-height-default\" data-id=\"ad9581d\" data-element_type=\"section\" data-settings=\"{&quot;background_background&quot;:&quot;classic&quot;}\">\n\t\t\t\t\t\t<div class=\"elementor-container elementor-column-gap-default\">\n\t\t\t\t\t<div class=\"elementor-column elementor-col-33 elementor-top-column elementor-element elementor-element-69bd3fd5\" data-id=\"69bd3fd5\" data-element_type=\"column\">\n\t\t\t<div class=\"elementor-widget-wrap\">\n\t\t\t\t\t\t\t<\/div>\n\t\t<\/div>\n\t\t\t\t<div class=\"elementor-column elementor-col-33 elementor-top-column elementor-element elementor-element-444ce7da\" data-id=\"444ce7da\" data-element_type=\"column\">\n\t\t\t<div class=\"elementor-widget-wrap elementor-element-populated\">\n\t\t\t\t\t\t<div class=\"elementor-element elementor-element-297ef54d elementor-widget elementor-widget-html\" data-id=\"297ef54d\" data-element_type=\"widget\" data-widget_type=\"html.default\">\n\t\t\t\t<div class=\"elementor-widget-container\">\n\t\t\t\t\t<a href=\"http:\/\/grupozanon.com.br\/\" target=\"_blank\"><?xml version=\"1.0\" encoding=\"utf-8\"?>\r\n<!-- Generator: Adobe Illustrator 24.0.1, SVG Export Plug-In . SVG Version: 6.00 Build 0)  -->\r\n<svg version=\"1.1\" id=\"Camada_1\" xmlns=\"http:\/\/www.w3.org\/2000\/svg\" xmlns:xlink=\"http:\/\/www.w3.org\/1999\/xlink\" x=\"0px\" y=\"0px\"\r\n\t viewBox=\"0 0 363 149\" style=\"enable-background:new 0 0 363 149;\" xml:space=\"preserve\">\r\n<style type=\"text\/css\">\r\n\t.st0{fill:#1D1D1B;}\r\n\t.st1{fill:#B1B1B1;}\r\n\t.st2{fill:#575756;}\r\n<\/style>\r\n<path class=\"st0\" d=\"M159.65,6h61.43v66.32h-0.8L219.71,72l-0.14-0.08l-0.7-0.39l-0.02-0.01l-0.72-0.4l-0.1-0.06l-0.61-0.34\r\n\tl-0.23-0.12l-0.48-0.27l-0.34-0.19l-0.36-0.21l-0.46-0.26l-0.24-0.14l-0.58-0.33l-0.12-0.07l-0.7-0.4h0l-0.7-0.4l-0.12-0.07\r\n\tl-0.57-0.33l-0.23-0.13l-0.46-0.27l-0.35-0.2l-0.34-0.2l-0.46-0.27l-0.22-0.13l-0.58-0.34l-0.1-0.06l-0.68-0.4l-0.01-0.01l-0.66-0.4\r\n\tl-0.12-0.08l-0.54-0.33l-0.24-0.14l-0.42-0.26l-0.35-0.21l-0.31-0.19l-0.46-0.29l-0.2-0.12l-0.56-0.35l-0.08-0.05l-0.65-0.41\r\n\tl-0.02-0.01l-0.62-0.39l-0.13-0.09l-0.5-0.32l-0.24-0.16l-0.39-0.25l-0.35-0.23l-0.28-0.19l-0.45-0.3l-0.17-0.12l-0.55-0.37\r\n\tl-0.07-0.04l-0.61-0.42l-0.04-0.02l-0.57-0.39l-0.59-0.41l-0.01-0.01l-0.24-0.17l-0.36-0.25l-0.34-0.24l-0.25-0.18l-0.43-0.31\r\n\tl-0.15-0.11l-0.53-0.38l-0.05-0.04l-0.57-0.42l-0.05-0.03l-0.52-0.39l-0.14-0.11l-0.42-0.32l-0.23-0.18l-0.32-0.24l-0.33-0.25\r\n\tl-0.22-0.17l-0.41-0.33l-0.13-0.1l-0.5-0.4l-0.03-0.03l-0.53-0.43l-0.05-0.04l-0.46-0.39l-0.14-0.12l-0.37-0.31l-0.23-0.19\r\n\tl-0.28-0.24l-0.31-0.27l-0.19-0.17l-0.39-0.34l-0.1-0.09l-0.46-0.42l-0.02-0.02l-0.48-0.44l-0.06-0.06l-0.41-0.38l-0.14-0.13\r\n\tl-0.32-0.31l-0.21-0.21l-0.24-0.23l-0.28-0.28l-0.16-0.16l-0.35-0.36l-0.08-0.08L186,48.61l-0.01-0.01l-0.42-0.45l-0.06-0.07\r\n\tl-0.35-0.38l-0.13-0.14l-0.27-0.31l-0.19-0.22L184.53,47l-0.43-0.5l-0.13-0.15l-0.31-0.38l-0.06-0.08l-0.37-0.46\r\n\tc2.42-3.75,8.22-9.5,13.9-12.72c5.67-3.23,7.32-2.24,10.04-1.51c1.77-8.08,0.99-11.41-8.12-11.68c-0.83-4.26-2.66-5.66-8.8-5.66\r\n\tl-0.59,0.02l-0.24,0.01l-0.35,0.01l-0.48,0.01l-0.1,0.01l-0.58,0.02l-0.14,0l-0.45,0.01l-0.37,0.01l-0.21,0.01l-0.58,0.02h-0.03\r\n\tl-0.54,0.02l-0.27,0.01L185,14.04l-0.5,0.01l-0.07,0l-0.57,0.02l-0.16,0l-0.41,0.01l-0.4,0.01l-0.17,0.01l-0.56,0.01h-0.06\r\n\tl-0.5,0.01l-0.29,0.01l-0.26,0.01l-0.52,0.01h-0.04l-0.55,0.01l-0.19,0l-0.36,0.01l-0.41,0.01l-0.13,0l-0.54,0.01h-0.09l-0.45,0.01\r\n\tl-0.31,0l-0.22,0l-0.52,0.01h-0.01l-0.53,0.01l-0.21,0l-0.31,0.01l-0.42,0h-0.1l-0.51,0.01h-0.11l-0.4,0l-0.32,0l-0.18,0l-0.5,0\r\n\th-0.02h-0.47h-0.22h-0.27h-0.42h-0.06l-0.48,0h-0.13l-0.35,0l-0.33,0h-0.15l-0.47-0.01h-0.05l-0.42,0l-0.24-0.01l-0.22,0l-0.42-0.01\r\n\th-0.03l-0.44-0.01l-0.15,0l-0.29-0.01l-0.33-0.01l-0.11,0l-0.43-0.01l-0.07,0l-0.36-0.01l-0.24-0.01l-0.18-0.01l-0.4-0.01h-0.01\r\n\tl-0.41-0.02l-0.16-0.01l-0.24-0.01l-0.32-0.02l-0.07,0l-0.39-0.02l-0.08,0l-0.3-0.02l-0.23-0.01l-0.14-0.01L162.64,14l-0.01,0\r\n\tl-0.35-0.02l-0.16-0.01l-0.19-0.01l-0.3-0.02l-0.05,0l-0.34-0.03l-0.09-0.01l-0.24-0.02l-0.22-0.02l-0.1-0.01l-0.32-0.03l-0.03,0\r\n\tl-0.28-0.03l-0.15-0.02l-0.15-0.02V6L159.65,6z\"\/>\r\n<path class=\"st0\" d=\"M141.42,40.97c2.46,5.35,18.29,14.75,24.58,18.35c3.18,1.82,6.89,3.13,9.68,5.01\r\n\tc-9.61-1.49-29.84-14.17-33.92-15.17c0.38,4.83,1.93,9.39,3.84,13.2c6.28,12.6,11.25,12.93,21.54,14.53\r\n\tc3.26,0.51,13.02,1.94,15.65,1.77l-18.67,1.22c0.54,0.42,0.27,0.28,1.2,0.82c2.39,1.39,9.1,2.82,11.69,3.11\r\n\tc14.45,1.6,29.19-1.65,39.79-9.99c-33.1-15.16-59.85-38.43-62.93-63.88C147.65,13.73,141.74,31.49,141.42,40.97L141.42,40.97z\"\/>\r\n<path class=\"st1\" d=\"M46.65,106.9l-3.24,3.06c-2.34-2.29-4.9-4.02-7.68-5.21c-2.78-1.18-5.5-1.77-8.14-1.77\r\n\tc-3.29,0-6.42,0.8-9.38,2.41c-2.98,1.61-5.28,3.79-6.91,6.55c-1.64,2.75-2.45,5.66-2.45,8.73c0,3.14,0.84,6.13,2.53,8.97\r\n\tc1.69,2.83,4.02,5.05,7,6.67c2.99,1.62,6.24,2.43,9.79,2.43c4.3,0,7.95-1.21,10.92-3.63c2.98-2.41,4.74-5.55,5.29-9.4H31.06v-4.07\r\n\th18.03c-0.04,6.45-1.96,11.57-5.76,15.36c-3.81,3.79-8.89,5.69-15.27,5.69c-7.73,0-13.86-2.63-18.38-7.89\r\n\tc-3.47-4.05-5.21-8.73-5.21-14.05c0-3.94,1-7.63,2.99-11.04c2-3.4,4.73-6.07,8.2-7.99c3.48-1.92,7.41-2.88,11.79-2.88\r\n\tc3.55,0,6.89,0.64,10.02,1.91C40.61,102.04,43.67,104.08,46.65,106.9L46.65,106.9z\"\/>\r\n<path class=\"st1\" d=\"M52.9,99.9h8.34c4.64,0,7.79,0.19,9.44,0.57c2.49,0.56,4.51,1.77,6.06,3.64c1.56,1.86,2.34,4.16,2.34,6.88\r\n\tc0,2.27-0.53,4.26-1.61,5.98c-1.07,1.73-2.6,3.02-4.59,3.91c-1.99,0.88-4.74,1.33-8.25,1.35l15.03,19.42h-5.13l-15.03-19.42h-2.4\r\n\tv19.42H52.9V99.9L52.9,99.9z M57.09,103.97v14.19l7.21,0.06c2.8,0,4.87-0.26,6.2-0.79c1.34-0.53,2.38-1.38,3.14-2.54\r\n\tc0.75-1.16,1.12-2.46,1.12-3.91c0-1.4-0.38-2.68-1.14-3.82c-0.76-1.14-1.75-1.96-3-2.45c-1.23-0.49-3.29-0.74-6.16-0.74H57.09\r\n\tL57.09,103.97z\"\/>\r\n<path class=\"st1\" d=\"M83.81,99.9H88v25.22c0,2.99,0.06,4.86,0.17,5.59c0.2,1.65,0.69,3.02,1.44,4.13c0.76,1.1,1.92,2.04,3.49,2.78\r\n\tc1.57,0.75,3.15,1.12,4.75,1.12c1.38,0,2.7-0.29,3.97-0.88c1.26-0.58,2.33-1.4,3.18-2.44c0.85-1.04,1.47-2.3,1.87-3.77\r\n\tc0.28-1.07,0.43-3.24,0.43-6.53V99.9h4.19v25.2c0,3.73-0.37,6.75-1.1,9.04c-0.73,2.3-2.19,4.3-4.37,6\r\n\tc-2.19,1.71-4.84,2.56-7.95,2.56c-3.37,0-6.26-0.8-8.67-2.41c-2.41-1.61-4.02-3.73-4.84-6.39c-0.51-1.63-0.77-4.56-0.77-8.8V99.9\r\n\tL83.81,99.9z\"\/>\r\n<path class=\"st1\" d=\"M116.7,99.9h8.33c4.77,0,8,0.2,9.66,0.62c2.38,0.59,4.33,1.79,5.84,3.63c1.52,1.82,2.28,4.12,2.28,6.88\r\n\tc0,2.78-0.74,5.07-2.22,6.88c-1.47,1.8-3.51,3.01-6.1,3.64c-1.9,0.46-5.44,0.68-10.62,0.68h-2.99v19.42h-4.19V99.9L116.7,99.9z\r\n\t M120.89,103.97v14.19l7.08,0.09c2.86,0,4.95-0.26,6.28-0.79c1.33-0.52,2.37-1.36,3.13-2.52c0.76-1.16,1.13-2.47,1.13-3.91\r\n\tc0-1.4-0.38-2.68-1.13-3.85c-0.76-1.16-1.76-1.99-3-2.48c-1.24-0.49-3.27-0.74-6.1-0.74H120.89L120.89,103.97z\"\/>\r\n<path class=\"st1\" d=\"M166.7,98.85c6.32,0,11.61,2.11,15.87,6.33c4.26,4.22,6.39,9.41,6.39,15.58c0,6.12-2.12,11.3-6.37,15.56\r\n\tc-4.26,4.26-9.43,6.39-15.55,6.39c-6.18,0-11.41-2.12-15.66-6.36c-4.26-4.24-6.39-9.36-6.39-15.38c0-4.01,0.97-7.73,2.91-11.16\r\n\tc1.94-3.42,4.58-6.11,7.94-8.05C159.18,99.82,162.8,98.85,166.7,98.85L166.7,98.85z M166.88,102.93c-3.08,0-6.01,0.8-8.78,2.41\r\n\tc-2.76,1.61-4.92,3.77-6.48,6.49c-1.55,2.73-2.33,5.77-2.33,9.12c0,4.95,1.72,9.14,5.16,12.55c3.44,3.42,7.59,5.13,12.44,5.13\r\n\tc3.25,0,6.24-0.79,9-2.36c2.76-1.57,4.91-3.72,6.46-6.45c1.54-2.72,2.32-5.75,2.32-9.08c0-3.31-0.78-6.31-2.32-8.99\r\n\tc-1.54-2.68-3.72-4.82-6.52-6.43C173.01,103.73,170.03,102.93,166.88,102.93L166.88,102.93z\"\/>\r\n<polygon class=\"st2\" points=\"194.12,99.9 219.42,99.9 204.51,133.98 218.43,133.98 218.43,141.65 192.9,141.65 207.73,107.75 \r\n\t194.12,107.75 194.12,99.9 \"\/>\r\n<path class=\"st2\" d=\"M231.78,99.9h8l16.07,41.75h-8.27l-3.26-8.61h-17.12l-3.33,8.61h-8.27L231.78,99.9L231.78,99.9z M235.79,111\r\n\tl-5.66,14.37h11.29L235.79,111L235.79,111z\"\/>\r\n<polygon class=\"st2\" points=\"253.04,99.9 260.58,99.9 278.57,127.38 278.57,99.9 286.48,99.9 286.48,141.65 278.88,141.65 \r\n\t260.95,114.26 260.95,141.65 253.04,141.65 253.04,99.9 \"\/>\r\n<path class=\"st2\" d=\"M305.62,98.86c5.9,0,10.98,2.14,15.23,6.42c4.25,4.27,6.38,9.49,6.38,15.63c0,6.1-2.09,11.25-6.29,15.47\r\n\tc-4.19,4.22-9.27,6.33-15.25,6.33c-6.27,0-11.47-2.17-15.61-6.5c-4.15-4.33-6.22-9.48-6.22-15.44c0-3.98,0.97-7.66,2.9-11.01\r\n\tc1.93-3.34,4.58-6,7.96-7.96C298.08,99.84,301.72,98.86,305.62,98.86L305.62,98.86z M305.5,106.65c-3.85,0-7.08,1.35-9.7,4.03\r\n\tc-2.63,2.68-3.93,6.1-3.93,10.24c0,4.61,1.65,8.27,4.95,10.95c2.57,2.1,5.5,3.15,8.83,3.15c3.75,0,6.95-1.37,9.58-4.09\r\n\tc2.65-2.72,3.96-6.08,3.96-10.07c0-3.97-1.33-7.34-3.99-10.09C312.55,108.03,309.31,106.65,305.5,106.65L305.5,106.65z\"\/>\r\n<polygon class=\"st2\" points=\"324.58,99.9 332.12,99.9 350.11,127.38 350.11,99.9 358.02,99.9 358.02,141.65 350.42,141.65 \r\n\t332.49,114.26 332.49,141.65 324.58,141.65 324.58,99.9 \"\/>\r\n<\/svg>\r\n<\/a>\r\n\t\t\t\t<\/div>\n\t\t\t\t<\/div>\n\t\t\t\t\t<\/div>\n\t\t<\/div>\n\t\t\t\t<div class=\"elementor-column elementor-col-33 elementor-top-column elementor-element elementor-element-4235b3de\" data-id=\"4235b3de\" data-element_type=\"column\">\n\t\t\t<div class=\"elementor-widget-wrap\">\n\t\t\t\t\t\t\t<\/div>\n\t\t<\/div>\n\t\t\t\t\t<\/div>\n\t\t<\/section>\n\t\t\t\t<\/div>\n\t\t","protected":false},"excerpt":{"rendered":"<p>QUEM SOMOS BLOG SIMULE SUA ECONOMIA Obrigado pelo seu Contato Voc\u00ea receber\u00e1 em breve a sua simula\u00e7\u00e3o por email.<\/p>\n","protected":false},"author":1,"featured_media":0,"parent":0,"menu_order":0,"comment_status":"closed","ping_status":"closed","template":"","meta":{"inline_featured_image":false,"site-sidebar-layout":"no-sidebar","site-content-layout":"page-builder","ast-site-content-layout":"full-width-container","site-content-style":"unboxed","site-sidebar-style":"unboxed","ast-global-header-display":"","ast-banner-title-visibility":"","ast-main-header-display":"","ast-hfb-above-header-display":"","ast-hfb-below-header-display":"","ast-hfb-mobile-header-display":"","site-post-title":"disabled","ast-breadcrumbs-content":"","ast-featured-img":"disabled","footer-sml-layout":"","theme-transparent-header-meta":"","adv-header-id-meta":"","stick-header-meta":"","header-above-stick-meta":"","header-main-stick-meta":"","header-below-stick-meta":"","astra-migrate-meta-layouts":"set","ast-page-background-enabled":"default","ast-page-background-meta":{"desktop":{"background-color":"var(--ast-global-color-4)","background-image":"","background-repeat":"repeat","background-position":"center center","background-size":"auto","background-attachment":"scroll","background-type":"","background-media":"","overlay-type":"","overlay-color":"","overlay-gradient":""},"tablet":{"background-color":"","background-image":"","background-repeat":"repeat","background-position":"center center","background-size":"auto","background-attachment":"scroll","background-type":"","background-media":"","overlay-type":"","overlay-color":"","overlay-gradient":""},"mobile":{"background-color":"","background-image":"","background-repeat":"repeat","background-position":"center center","background-size":"auto","background-attachment":"scroll","background-type":"","background-media":"","overlay-type":"","overlay-color":"","overlay-gradient":""}},"ast-content-background-meta":{"desktop":{"background-color":"var(--ast-global-color-5)","background-image":"","background-repeat":"repeat","background-position":"center center","background-size":"auto","background-attachment":"scroll","background-type":"","background-media":"","overlay-type":"","overlay-color":"","overlay-gradient":""},"tablet":{"background-color":"var(--ast-global-color-5)","background-image":"","background-repeat":"repeat","background-position":"center center","background-size":"auto","background-attachment":"scroll","background-type":"","background-media":"","overlay-type":"","overlay-color":"","overlay-gradient":""},"mobile":{"background-color":"var(--ast-global-color-5)","background-image":"","background-repeat":"repeat","background-position":"center center","background-size":"auto","background-attachment":"scroll","background-type":"","background-media":"","overlay-type":"","overlay-color":"","overlay-gradient":""}},"footnotes":""},"class_list":["post-24","page","type-page","status-publish","hentry"],"_links":{"self":[{"href":"https:\/\/segenergysolar.com.br\/saopaulo-25\/wp-json\/wp\/v2\/pages\/24","targetHints":{"allow":["GET"]}}],"collection":[{"href":"https:\/\/segenergysolar.com.br\/saopaulo-25\/wp-json\/wp\/v2\/pages"}],"about":[{"href":"https:\/\/segenergysolar.com.br\/saopaulo-25\/wp-json\/wp\/v2\/types\/page"}],"author":[{"embeddable":true,"href":"https:\/\/segenergysolar.com.br\/saopaulo-25\/wp-json\/wp\/v2\/users\/1"}],"replies":[{"embeddable":true,"href":"https:\/\/segenergysolar.com.br\/saopaulo-25\/wp-json\/wp\/v2\/comments?post=24"}],"version-history":[{"count":247,"href":"https:\/\/segenergysolar.com.br\/saopaulo-25\/wp-json\/wp\/v2\/pages\/24\/revisions"}],"predecessor-version":[{"id":1039,"href":"https:\/\/segenergysolar.com.br\/saopaulo-25\/wp-json\/wp\/v2\/pages\/24\/revisions\/1039"}],"wp:attachment":[{"href":"https:\/\/segenergysolar.com.br\/saopaulo-25\/wp-json\/wp\/v2\/media?parent=24"}],"curies":[{"name":"wp","href":"https:\/\/api.w.org\/{rel}","templated":true}]}}